o base 2
-11001001111111
262042 (base 8) to base 3
11122001200
3020211 (base 4) to base 13
5ac6
10110101111011010 (base 2) to base 3
11201202212
-614266 (base 10) to base 9
-1135547
Convert -27375 (base 13) to base 11.
-4aa19
What is -94549 (base 13) in base 15?
-5407d
Convert 24c6453 (base 13) to base 7.
166465266
Convert -771441 (base 14) to base 9.
-7533070
-285244 (base 9) to base 11
-10a066
What is 13024003 (base 6) in base 12?
185003
Convert 102112343 (base 6) to base 11.
10082a6
-4a0595 (base 14) to base 6
-130211211
What is 31003303 (base 4) in base 12?
26b57
What is -2232438 (base 9) in base 16?
-125930
-112002011100 (base 3) to base 10
-277137
Convert 11604643 (base 7) to base 15.
1593c1
-15c6021 (base 14) to base 16
-a335cd
-298100 (base 11) to base 7
-3643431
What is -106604541 (base 7) in base 4?
-121010301333
What is 1840160 (base 9) in base 15?
1553ac
What is -140414420 (base 5) in base 2?
-10101111000000111100
-1001110101100100 (base 2) to base 10
-40292
1110110001101001 (base 2) to base 13
21716
Convert 50446 (base 9) to base 2.
1000000110010011
What is 4c0db2 (base 14) in base 10?
2614992
Convert -14a2b (base 16) to base 7.
-501265
What is 855b3d (base 15) in base 7?
104644633
-321020343 (base 5) to base 16
-14864a
Convert 24bfe8 (base 16) to base 6.
123342040
What is -7187 (base 16) in base 12?
-1499b
What is 41390 (base 13) in base 9?
187522
Convert 499c (base 15) to base 14.
59d6
What is 25010232 (base 8) in base 2?
10101000001000010011010
What is 6720b (base 16) in base 11?
269400
Convert 1330210113 (base 4) to base 6.
14534103
-555a28 (base 12) to base 4
-11023202000
What is 1323050 (base 8) in base 5?
43321331
What is 11100000001110110011 (base 2) in base 16?
e03b3
1aabd7 (base 15) to base 2
100111101111000100100
Convert -322330011 (base 4) to base 7.
-2023554
69b5c (base 16) to base 14
b3b1a
56a0da (base 16) to base 5
2423133044
What is 141100243 (base 5) in base 11?
453457
-1112030113 (base 4) to base 10
-353047
Convert -113662342 (base 7) to base 3.
-111021112221021
Convert 1049993 (base 12) to base 8.
13613077
Convert -9b69 (base 13) to base 8.
-52327
1566175 (base 8) to base 16
6ec7d
What is 455661 (base 8) in base 2?
100101101110110001
Convert -22662 (base 10) to base 9.
-34070
Convert -3ba50 (base 13) to base 11.
-7693a
13076103 (base 8) to base 3
12111010011121
-782310 (base 15) to base 16
-576741
Convert 16211626 (base 7) to base 4.
11332112131
Convert -16215 (base 14) to base 10.
-55291
What is 307767 (base 9) in base 7?
1361113
-50707 (base 8) to base 7
-115015
Convert -27c19 (base 15) to base 13.
-46104
-11221111010 (base 3) to base 7
-553464
Convert -1d480aa (base 14) to base 11.
-83290a2
What is 12303121113 (base 4) in base 14?
345cc7
What is 1004454 (base 8) in base 5?
31430432
What is -20211010133 (base 4) in base 7?
-25054553
What is -31323003302 (base 4) in base 2?
-1101111011000011110010
Convert 513258 (base 10) to base 8.
1752352
-10010011110111010010011 (base 2) to base 9
-10104328
Convert 233343102 (base 5) to base 9.
2017276
What is -1211313031 (base 4) in base 3?
-210012022221
What is 824555 (base 9) in base 8?
1672665
What is 3251620 (base 8) in base 7?
10265145
Convert 305b6 (base 13) to base 5.
10233202
Convert -140003 (base 13) to base 10.
-485540
-121010221012 (base 3) to base 2
-1001101100101100011
What is -100110011010110101111 (base 2) in base 11?
-78a93a
Convert 240620 (base 8) to base 10.
82320
What is -120506 (base 14) in base 8?
-2262332
-103120001310 (base 4) to base 9
-10501256
-987261 (base 15) to base 14
-d710c5
Convert 14502503 (base 8) to base 14.
62285d
What is 1000001112 (base 3) in base 7?
111335
Convert 541503 (base 8) to base 10.
181059
What is cd54b (base 14) in base 12?
20003b
What is -1362200 (base 7) in base 16?
-2cbdc
144372 (base 8) to base 2
1100100011111010
Convert -10101111101000010110 (base 2) to base 10.
-719382
What is 2230011 (base 8) in base 9?
1116853
Convert 1221152 (base 6) to base 11.
44998
What is 114330532 (base 6) in base 15?
2ce062
What is 210001022200 (base 3) in base 16?
65262
83227 (base 11) to base 10
121392
-4202241 (base 5) to base 2
-10000110111001111
Convert 1060632 (base 7) to base 3.
20201120200
Convert -233131010020 (base 4) to base 10.
-12439816
What is 10100111011011101 (base 2) in base 14?
23353
Convert 16148 (base 13) to base 11.
29597
What is 223110 (base 10) in base 14?
5b446
-101001011110111010 (base 2) to base 6
-3350350
-1434573 (base 9) to base 10
-790707
What is -a40b1 (base 12) in base 3?
-101220002221
What is 13d405 (base 16) in base 8?
4752005
-1074a29 (base 11) to base 7
-21661560
Convert 363160 (base 7) to base 9.
110414
Convert 32a8d6 (base 14) to base 9.
3210635
What is -7b2717 (base 12) in base 2?
-111100010000010000011
What is 10353707 (base 8) in base 7?
24565155
-727525 (base 8) to base 2
-111010111101010101
35605 (base 14) to base 5
13131044
What is -a013 (base 12) in base 11?
-11aa3
1144011 (base 6) to base 14
18087
Convert -3332323031 (base 4) to base 2.
-11111110111011001101
Convert -216346 (base 11) to base 7.
-2635150
Convert b0031 (base 15) to base 4.
2013331321
-3231131122 (base 4) to base 7
-11160445
-19138 (base 15) to base 3
-11010111022
Convert -526b04 (base 14) to base 7.
-32445204
-22255d (base 15) to base 12
-666137
What is -215144344 (base 6) in base 4?
-32310311020
What is -189b2 (base 14) in base 13?
-22475
What is 3233443 (base 5) in base 16?
d8ca
-8c59 (base 14) to base 2
-101111100111111
caa320 (base 13) to base 3
22222000110201
-2881a9 (base 12) to base 7
-5521440
What is -2a02 (base 14) in base 6?
-54254
17b54b (base 12) to base 16
6504b
What is 1624161 (base 7) in base 13?
7b3c0
What is -603053 (base 10) in base 12?
-250ba5
-196164 (base 10) to base 15
-3d1c9
-1c4c2 (base 16) to base 15
-24521
-100202020112 (base 3) to base 10
-191903
What is -4a27c8 (base 13) in base 12?
-7180b7
5307 (base 11) to base 2
1101101110001
Convert 1795195 (base 11) to base 9.
5638674
512504 (base 9) to base 10
303673
Convert -200111022121 (base 3) to base 2.
-1011000110111100011
What is 10110111111100101101010 (base 2) in base 8?
26774552
-accc94 (base 15) to base 13
-1928872
Convert 34245 (base 11) to base 10.
49538
What is ca70 (base 14) in base 11?
24316
Convert -11153223 (base 8) to base 10.
-2414227
What is 1a9578 (base 15) in base 16?
13cb56
-6b9e3 (base 16) to base 4
-1223213203
Convert 5005a (base 13) to base 3.
21020222212
What is 28499 (base 16) in base 11?
102a86
-aab093 (base 12) to base 7
-32034603
What is -479d24 (base 14) in base 11?
-1421916
What is c779 (base 13) in base 14?
a10b
8a6c (base 14) to base 8
56710
What is 1242241412 (base 5) in base 6?
150100055
2331021022 (base 4) to base 2
10111101001001001010
Convert 203698 (base 10) to base 9.
340371
What is -101422414 (base 5) in base 10?
-420359
What is 1604c15 (base 14) in base 7?
160353625
Convert 86aa9 (base 12) to base 15.
37a50
What is -2021233021 (base 4) in base 5?
-121023134
What is -3f615 (base 16) in base 11?
-168055
1758ea (base 15) to base 9
2115624
Convert -817280 (base 16) to base 11.
-4874823
Convert -123a79b (base 12) to base 3.
-20201002020202
Convert -107052 (base 9) to base 13.
-232b5
What is 42411142 (base 5) in base 12?
15275b
1006412 (base 7) to base 6
2323052
18184 (base 14) to base 8
166410
Convert 1000101110100101101110 (base 2) to base 7.
25306334
Convert -100101010100110111110 (base 2) to base 12.
-4ab992
What is 402420433 (base 5) in base 4?
12020133002
Convert ddf7 (base 16) to base 3.
2212221120
Convert -2c3570 (base 13) to base 14.
-2063a5
6c49ae (base 15) to base 2
10011110000100000101111
Convert 13454241 (base 7) to base 8.
4627406
-25178b (base 14) to base 7
-13545234
Convert 218360 (base 12) to base 16.
820f8
Convert -10101111100000 (base 2) to base 13.
-5160
Convert -2326e (base 15) to base 8.
-332471
Convert -90c66 (base 14) to base 6.
-11243550
Convert -66331405 (base 7) to base 10.
-5705320
What is 14871a1 (base 11) in base 3?
11210011120112
1313032111 (base 4) to base 3
220210212201
What is -130210225 (base 6) in base 9?
-4685208
What is -621219 (base 12) in base 9?
-2801613
-96870 (base 10) to base 16
-17a66
Convert -2200232111 (base 4) to base 12.
-278b85
Convert -475173 (base 8) to base 9.
-266724
Conv